. Calculate b(o).
-7
Let z(d) = -d**3 - d**2 + 3*d + 1. Let i(w) = -w**3 + w - 2. Let x be i(-2). Let p = x + -6. Determine z(p).
-1
Suppose -3*p + 0*p + 9 = 0. Let q be 4/3 + 2/3. Let k(w) = -q + 9*w - 2*w + p. Determine k(-1).
-6
Let o(b) = b + 5. Let x be o(-9). Let h(a) = 5*a**2 - 1. Let k(v) = 11*v**2 - v - 1. Let f(p) = -9*h(p) + 4*k(p). Give f(x).
5
Suppose 2*x + 7 = 11. Let l(c) = 13*c - 3. Let y(g) = 13*g - 2. Let z(w) = 27*w - 4. Let h(i) = 13*y(i) - 6*z(i). Let a(m) = -5*h(m) + 3*l(m). Give a(x).
9
Let u(n) be the second derivative of -7*n**3/6 + 2*n + 7. Suppose -5*y + f + 3 = 3*f, 4*f = -4*y. What is u(y)?
-7
Let v be 1*4*(-2)/(-4). Let r(f) = -2*f**2 + f - 1. Calculate r(v).
-7
Suppose -12 = -10*g + 13*g. Let u(i) = 5*i**3 - i**2 + i - 5. Let r(c) = 4*c**3 - 2*c**2 + c - 5. Let v(q) = g*r(q) + 3*u(q). Calculate v(5).
0
Let b(s) = s**3 - 10*s**2 - 2*s + 15. Let g be b(10). Let l(c) = -c - 2. Let v(y) = -y - 1. Let m(t) = 3*l(t) - 2*v(t). What is m(g)?
1
Let n(p) = -21*p - 1. Let o(h) be the third derivative of 5*h**4/24 + 7*h**2. Let y(m) = 2*n(m) + 9*o(m). Determine y(3).
7
Let r(z) = -z**2 + 9*z - 4. Suppose -40 = -10*b + 60. Calculate r(b).
-14
Let r be 5/(10/8) + 4. Let n = r + -10. Let y(t) = t**2 + 0*t - 1 + 2*t + 0*t**2. Determine y(n).
-1
Let i(s) = -s**3 - 3*s**2 + 4*s + 1. Let l be i(-4). Let m(b) = -9*b**2 + 2*b - 3. Let r(t) = 27*t**2 - 6*t + 10. Let z(h) = 7*m(h) + 2*r(h). Calculate z(l).
-8
Suppose -n + 2*d = 2*n - 1, -3*n + 13 = d. Let t(a) be the third derivative of 0 + 1/60*a**5 - 1/4*a**4 + a**n + 0*a + 2*a**2. Determine t(4).
-2
Let l(q) = -q**3 - 8*q**2 + 10*q + 4. Let z = 143 - 152. What is l(z)?
-5
Suppose 0 = -f + 1, -3*m + 0*f - 11 = f. Let j(r) = r**3 + 5*r + 0*r + 3*r**2 + 6 + 2*r**2. Let d be j(m). Let k(s) = s**2 - 2*s + 2. Calculate k(d).
2
Suppose 2*s - 3 = o + 2, -4*o = -3*s. Let v(m) be the second derivative of 1/6*m**3 + 0 - m - o*m**2. What is v(-5)?
-11
Let n(c) = -c**3 - 3. Let b = 4 + -6. Let r be 0/(b/2*-1). What is n(r)?
-3
Let u(k) = 5*k + 7. Let b(p) = -4*p - 23 + 9 - 7*p. Let y(s) = 6*b(s) + 13*u(s). Determine y(7).
0
Suppose 4*m = 3*m - 4. Let b(q) = -q**2 - 5*q + 2. Give b(m).
6
Let c(g) = 5 - 1 - g + 0. Let i be 11 + -2 - (1 + 2). Suppose 4 = 3*m - 2*o - 0*o, -4*m - 3*o = i. Calculate c(m).
4
Let q(s) = 5*s - 4. Let k be q(0). Let w(o) be the first derivative of -4*o + 1/2*o**2 + 1/3*o**3 - 1. Calculate w(k).
8
Let d(l) = l + 2. Let v = 12 - 11. Suppose 4*f - v = 5*z, -23 - 2 = -4*f - 3*z. Calculate d(f).
6
Let l(o) = o**3 + 2*o**2 - 6*o + 4. Let g(f) = f**3 + 3*f**2 - 5*f + 5. Let m(j) = -6*g(j) + 5*l(j). What is m(-8)?
-10
Let k = -31 - -30. Let u(z) = 10*z. Calculate u(k).
-10
Let x(t) = t**3 - t - 1. Let y(a) = 7*a**3 - 6*a - 8. Let l(w) = -6*x(w) + y(w). Suppose -12*u = -7*u - 20. Suppose -u*m = -5*m. Give l(m).
-2
Let a(g) = 0*g - 1 - 5*g - 2*g - g**2. Let m be a(-7). Let u(j) = -3*j**2 + 2*j + 2. Let o(z) = z**2 - z - 1. Let b(t) = m*u(t) - 4*o(t). Calculate b(4).
-6
Let s = 5 + -3. Let i(k) = -k - 4 - 2*k**2 + 4*k**2 - k**s. Determine i(3).
2
Let m(c) = 7*c - 13. Let f(x) = 4*x - 7. Let a(v) = -11*f(v) + 6*m(v). Give a(-3).
5
Let k(d) be the third derivative of d**6/120 - d**5/12 - d**4/4 - 7*d**3/6 - 4*d**2. Determine k(6).
-7
Let d(f) = -14*f**2 - 4*f - 7. Let t(p) = 7*p**2 + 2*p + 4. Let g(c) = -3*d(c) - 5*t(c). What is g(-1)?
6
Let j(r) = 2*r + 3. Let n(l) = -l - 3. Let d be n(-8). Suppose 13 = -5*s + a, a - 6*a + 5 = d*s. What is j(s)?
-1
Let z(t) = 2*t + 7. Let o(j) = j + 6. Let g be (-24)/(-40)*(4 - -1). Let c = g + -7. Let u(h) = c*o(h) + 3*z(h). What is u(4)?
5
Let b(x) = x - 7 - x - x**2 + 12. What is b(0)?
5
Suppose -5*m + d - 4 + 2 = 0, 2*m + 2 = d. Let w(j) be the third derivative of 0*j + 1/120*j**6 - 1/60*j**5 + 0*j**3 + 0*j**4 - 2*j**2 + 0. What is w(m)?
0
Let n(o) = o + 5. Let i be n(-5). Let w(a) = -a**3 - a + 5. Let t be w(i). Let x(q) = 5 - 2*q**2 + 2*q + q**2 + 3*q - 2*q. Determine x(t).
-5
Let k = 10 - 7. Suppose -g - 4*g + 4*o + 22 = 0, k*g = -2*o. Let t(y) = y**3 - 5*y**2 + 2*y. What is t(g)?
-8
Let y(a) = -6*a - 1 - a + 0*a. Suppose -5*h + 9*h = 4. Give y(h).
-8
Let k = 17 + -12. Suppose 4*s = 3 + k. Let w(b) = 3*b**2 + 7*b + 6 - b**s - 2 + 0. Give w(-4).
8
Let s be 7*(2 + (1 - 2)). Let r = -9 + s. Let p(z) = z**3 + 7*z - 4*z + 3 - 2*z**2 - 3*z**3. Determine p(r).
5
Let r(a) = 3*a**2 + 14 - 13 - 9*a**2. Determine r(-1).
-5
Let t(i) be the third derivative of 0*i + 0*i**3 + 0 - 1/24*i**4 + 3*i**2. Let l = 4 + -7. What is t(l)?
3
Let c(q) = 9*q - 7. Let z(a) = -5*a + 4. Let p(i) = -3*c(i) - 5*z(i). Calculate p(4).
-7
Let c(d) = 5*d**2 + 13*d - 1. Let p(o) = -2*o**2 - 4*o. Let u(k) = 3*c(k) + 8*p(k). Let a(n) = -n**3 + 9*n**2 - 8*n + 5. Let l be a(8). Give u(l).
7
Let r(g) = -6*g**2 + 3 + 1 + 2*g - 1 - 4. Determine r(1).
-5
Let d(y) = -y**3 + 5*y**2 - 5*y + 2. Let n = 22 - 19. Calculate d(n).
5
Let n be (-2)/((-8)/20) - -1. Suppose 0 = -3*f + 5*l - 17 + n, -4*f = 3*l - 24. Let w(j) = -2*j**2 + 4*j. Give w(f).
-6
Let q = 53 - 46. Let x(a) = a**2 - 8*a - 9. Give x(q).
-16
Suppose v - 5*w + 13 = 0, 5*w = -2*v - 3*v - 5. Let p = 2 + 0. Let y(z) = z**3 + z**2 + 0 - 1 + 3*z**p. Calculate y(v).
8
Let x(g) = 3*g**3 + 2*g + 1. Let c(t) = 6*t**2 - 6*t - 11. Let m(h) = -7*h**2 + 6*h + 12. Let k(f) = -6*c(f) - 5*m(f). Let p be k(7). Determine x(p).
-4
Let n(x) be the second derivative of -x**4/12 - 4*x**3/3 + 5*x**2 + 46*x. Calculate n(-10).
-10
Let c(q) = -q**2 - 1 + 5*q + 2*q**2 - 2*q - 2*q. Suppose 7*p - 2*p = 15. Determine c(p).
11
Let f(d) be the second derivative of -d**3/6 - d**2/2 + 8*d. Let s be (1 + 0)*(-4)/(-1). Calculate f(s).
-5
Let z(h) be the first derivative of 4*h**3/3 + h**2/2 + 1. Suppose 6 = 56*u - 50*u. What is z(u)?
5
Let d(p) = p**3 + p**2 + p + 12. Let z be d(0). Let c = 14 - z. Let o(w) be the second derivative of w**5/20 + w**4/12 - w**3/2 + 3*w**2/2 + w. Determine o(c).
9
Suppose -2*j - 4*c + 10 = 0, 4*j + 2*c + 3*c - 20 = 0. Suppose 4*r + 14 = -0*t + 3*t, 5*t - r = -j. Let g(v) = -2*v - 2. Give g(t).
2
Suppose 4*t - 1 = 3*t. Suppose -16 - 12 = -2*s. Let y(z) = -14*z + s*z + 2*z**2. Calculate y(t).
2
Let f(a) be the third derivative of a**5/60 + 5*a**4/24 + 2*a**3/3 + 18*a**2. Let q(x) = x. Let z be q(-4). Calculate f(z).
0
Let y(w) = w**2 - 6*w + 4. Let m be y(5). Let i = 2 + m. Let b(h) = 5*h**3 - 2*h + 1. Calculate b(i).
4
Let a(d) = 3*d - 5*d + d + 4 + 6*d - 2*d**2. What is a(4)?
-8
Let d(v) be the first derivative of v**4/4 + 2*v**3/3 - 2*v**2 + v + 2. Let r = 3 + -11. Let k = r - -5. What is d(k)?
4
Let h(x) = 0 - 4 + 0 + x. Let l be (-13)/(-2) - 9/6. Suppose p - 1 - l = 2*o, -3*p + 5*o + 15 = 0. Calculate h(p).
-4
Let v(z) = -z**3 + 8*z**2 - 7*z + 3. Let o(s) = s**3 + 5*s**2 - 6*s + 7. Let j be o(-6). Determine v(j).
3
Let r = -90 + 95. Let a(k) = -k**3 + 5*k**2 - k + 5. Determine a(r).
0
Let j(k) = 6*k + 4*k**2 - 4*k**3 - 5 + 1 + 3*k**3. Let o = 4 + 1. Calculate j(o).
1
Let u = 10 - 7. Let y(m) = u + 3*m - 5*m + 0*m. Calculate y(2).
-1
Let g be (-41)/2 - (-4)/8. Let x be (1 - -1)*(-30)/g. Let m(o) = -o**3 + 2*o**2 + 3*o - 1. Determine m(x).
-1
Let l(g) be the second derivative of g**5/10 + g**4/12 - g**3/3 - g**2/2 + 6*g. Let z = 1 + -3. Determine l(z).
-9
Let c(d) = d - 3. Suppose -2*f + 4 = -2*h, -3*f + 10 = -4*h + 2*f. Let r(m) = m**2 - m - 7. Let p be r(h). Let y = 11 + p. Determine c(y).
1
Let x(o) = o**3 + 4*o**2 - 5*o + 6. Let z = -4 - -6. Let t be (z/(-3))/((-4)/(-30)). Give x(t).
6
Suppose -4*l = 2*a + 16, -16 = -5*a + 4*l + 14. Let x(d) = -2*d - d + 3 + 2*d**2 + d. Determine x(a).
7
Let u(h) = 7*h**3 - h. Let j(y) = y**2 + 4*y - 1. Suppose 3*q - 14 = -2*z - q, 2*q = 10. Let s be j(z). Let p be 2*(10/s)/5. What is u(p)?
-6
Let j(z) be the first derivative of z**4/24 + 2*z**3/3 + 3*z**2/2 + 2. Let s(m) be the second derivative of j(m). Determine s(-5).
-1
Let n = 108 - 105. Let f(d) = -d - 1. What is f(n)?
-4
Let m be (6/(-8))/(5/20). Let b be -2 + m + 2 + 6. Let x(q) = -q**3 + 3*q**2 + 2*q - 4. Determine x(b).
2
Let k(h) be the third derivative of 0 + 1/6*h**4 + 0*h + 2/3*h**3 - h**2. What is k(-3)?
-8
Let y(g) = g**2 - 4. Let t be y(0). Let z(n) be the third derivative of n**5/60 + n**4/4 + n**3/2 + 3*n**2. Determine z(